he value of 1 + -11 + (1 - (-1 + -4)) + 5?
1
What is the value of (-1 - -6 - (-5 + 13)) + -15?
-18
What is the value of -26 - -20 - (1 + -11)?
4
Calculate 10 - (-4 - -10) - (-6 - -7).
3
0 - (1 - 9) - ((118 - 75) + -44)
9
What is the value of (-2 - -1) + (-22 - (-3 - 16)) + 4?
0
What is 3 + (23 + -15 - (0 - 6))?
17
Evaluate 0 - 7 - (-377 + 349).
21
What is 45 + -30 - (-6 + 13 - (-2 + 4))?
10
What is the value of 29 - (-3 - 3 - -70)?
-35
Calculate 5 + (-13 - -1 - -6).
-1
Evaluate -1 - (6 + (0 + 1 - 12)).
4
Calculate -24 - (-56 - -34) - (0 + 18).
-20
Evaluate 19 + (-16 - (-7 - 8)) + 9.
27
Evaluate (-4 - 2) + 4 + -34 + (1 - -4).
-31
What is the value of (-8 - 16) + 14 + 12?
2
What is -11 + 21 - ((-32 - -5) + 5 + 3)?
29
What is 0 + (-1 - -5) - (-27 + -15 + 50)?
-4
Evaluate 30 + 3 - 3 - (0 + 9).
21
What is the value of (-40 - -1) + 4 - (15 + -31)?
-19
What is the value of -212 + 217 + (0 - (-1 - -5))?
1
Calculate (-3 - -1) + 0 + -1 + (0 - 2).
-5
What is the value of -11 - 0 - (-257 + 252)?
-6
What is 0 - -3 - (-24 + 12 + 33)?
-18
What is the value of (-1 - (1 - -10)) + 1437 + -1429?
-4
Calculate 2 - 7 - (-29 + 9 + -12 - -7).
20
Calculate -4 - (0 - (6 + (-10 - -13))).
5
Evaluate -1 - 6 - (15 - (-1 + 5 + 5)).
-13
Calculate -5 + 1 - -6 - (1 + 1 + -6).
6
What is (0 + 20 - 2) + 32 + -15 + -23?
12
What is -11 + -33 - (11 - (14 - -12))?
-29
Evaluate 6 + (8 + (8 - 18) - -8).
12
(59 - 116) + 77 + 17 + -2
35
Evaluate 21 + -13 + -1 + -2 + 1.
6
What is the value of -1 - (-10 + (9 - 4) - (-12 - -5))?
-3
What is the value of -3 - (6 + -11 + 3 + 7)?
-8
Calculate -3 + (-25 - -8) + 44.
24
(7 - 1) + (16 - 17 - 2)
3
Evaluate (17 - (21 - 13)) + -15 + 2 + -9.
-13
What is 8 + (-13 - -19) + 6?
20
Calculate -17 + -13 + (-12 + 13 - 1).
-30
What is the value of -26 + (32 - 9) + -12?
-15
What is (-265 - -284) + (-3 - 0 - (-12 + 12))?
16
Evaluate -1037 - -1013 - (0 + -16).
-8
23 + -37 - (2 - (11 + 1))
-4
Evaluate 17 - (10 + (-18 - -4) - (0 + -12)).
9
Calculate 1 - -15 - (48 + -18).
-14
What is the value of -11 + 12 + (1 - -2) + 1 - -1?
6
20 + -16 + (6 - -7)
17
Calculate 40 - (3 - -14) - 27.
-4
What is the value of -11 - (-9 + 21) - -27?
4
What is the value of 14 + (8 - (3 + 1)) - 3?
15
What is the value of (3 + -14 - -3) + (-34 - -41) + 5?
4
What is -328 + 356 + 0 + -1?
27
Evaluate -53 - ((-38 - -17) + -6).
-26
What is the value of (-8 + 15 - 9) + -13?
-15
Evaluate -8 + -3 - -10 - (-1 + -1 + -7).
8
What is the value of 11 + (-1 - -12 - (-28 - -54))?
-4
(2 - -9 - 4) + 28 + 0 + -12
23
What is -7 + 3 + (20 - 8) - (1 - 6)?
13
What is the value of (-3 - 0) + (-15 + -3 + 9 - -10)?
-2
Evaluate 4 + -13 - (1 - 4) - 9 - -6.
-9
What is the value of 16 + 5 + (9 - 20 - -8)?
18
Evaluate 6 - (-17 - (-10 - 3)).
10
What is 0 + -8 + 13 - (-6 + -4 + 35)?
-20
What is the value of -6 + 21 + -6 + -15 - 3?
-9
Evaluate 26 + (-16 - (-67 + 44)) + (-4 - 0).
29
Calculate -1 + -3 - (3 + -8 + -5 + 6).
0
What is the value of -9 + (-9 - (24 - (-3 - -21)))?
-24
Evaluate 7 - (11 + -17 + 3 + -1).
11
What is (3 - ((-4 - 1) + 9)) + -2 - -22?
19
-1 + (-16 - -2) + -15 + 22
-8
What is the value of -20 + 12 + 29 - 45?
-24
Calculate 3 + -13 - (5 + 3 + -14) - 4.
-8
(-2 - 4) + (-36 - -42) + 10
10
What is 0 + 130 + -122 + (-10 - 0)?
-2
Calculate (7 - (-1 - (-3 - 0))) + (3 - 1).
7
Evaluate (15 - 35) + (0 + 2 + 2 - -1).
-15
What is the value of 4 + (-24 - -9) + (2 - -5)?
-4
What is the value of -12 + 41 + (10 + 8 - 22)?
25
Evaluate (7 - 3) + (-42 - -41).
3
What is the value of -5 + -7 - (-7 - (6 - 7))?
-6
-17 + -4 + -3 + 8 + (6 - 0)
-10
What is 2 - (6 + -2) - -12 - (-49 - -45)?
14
What is the value of 1 + 0 + 9 + -6 + 2 - -6?
12
Evaluate (11 - (30 - 17)) + 0.
-2
Calculate -74 + 81 + -14 + -1.
-8
What is 0 + 2 + (3 - (-11 + 9)) + -6?
1
What is 14 + 0 + (49 - 45 - (-2 + 13))?
7
Evaluate -6 + (-4 - (10 + -2 + -1 + -9)).
-8
-11 + (-3 - -24) + -13
-3
What is the value of (0 - -1) + 0 - (105 - 113) - -2?
11
Calculate (21 - 27) + (-4 - -18).
8
Calculate 12 + -4 - (-5 - (5 + -1)).
17
Calculate -6 - (-11 + 11 + -1 - -17).
-22
-127 - (-89 - 28) - (1 + -1 + -16)
6
Evaluate 6 + 2 + (16 - 10 - (9 - 2)).
7
Calculate 5 + 12 + (-31 - -7) - -10.
3
(-19 - -11) + (-1 - -5 - -13)
9
What is the value of (0 - (-1 - -7 - 4) - 3) + -7?
-12
Calculate 4 - (23 + (12 + -14 - -5)).
-22
What is (-1 + 15 + -12 - (6 - -1)) + 19?
14
Evaluate 4 - 23 - -35 - (13 - -1).
2
What is the value of -13 + -15 - (-3 - 38)?
13
What is -10 + -20 + 31 + 0?
1
(15 - (17 - 8 - -2)) + 13
17
-2 + -7 + (14 - (4 + 5))
-4
Calculate -9 + (12 + -9 + 1 + 0 - -2).
-3
What is the value of (0 - 6) + -14 + (-23 - -14) + 3?
-26
Evaluate (-1 - 33) + -427 + 442 - -8.
-11
Calculate -7 + 3 + -6 - (2 - (0 - 0)).
-12
Evaluate (0 - (-6 + -13)) + (0 - 3).
16
Evaluate -25 + (52 - 4) + (5 - 12) + 5.
21
Calculate 3 + (-9 - -4) + (10 - (-7 - -19)).
-4
(-35 - -45 - (-5 + 2)) + -12
1
2 + (19 - (24 + -15))
12
What is 12 - (-3 + 15 + 41 + -30)?
-11
What is the value of -16 + -1 - (-8 + (20 - 8 - 11))?
-10
What is -6 + -4 + 7 + -3 + 3?
-3
What is the value of -13 + (54 - (-10 - -37))?
14
Calculate -11 - ((8 - -4) + -35).
12
Calculate 726 - 756 - (-2 - 16).
-12
What is 27 + 24 + -43 - (1 - 0)?
7
Evaluate 8 + -5 + (-20 - (-6 + (6 - 5))).
-12
What is 4 - -2 - ((3 - -4) + (23 - 18))?
-6
Evaluate 0 + -4 - (-22 + 17 + (-2 - 20)).
23
93 + -100 - (-11 - 5)
9
(17 - (-1 - 0)) + (10 - 12) + 7
23
Evaluate -16 + 4 + -15 + (-40 - -50).
-17
What is the value of 1 + 3 + 0 + 4?
8
What is the value of (-12 - -31) + -32 + 28?
15
Calculate -34 + -4 + 1 + 12 - -4.
-21
What is the value of (14 - -3 - 6) + -25?
-14
Calculate -1027 + 1027 - (-9 + (-1 - -1)).
9
Calculate -29 - (-35 - -6) - -4.
4
What is the value of -28 - (-16 - (0 - 11))?
-23
What is the value of -12 + (7 - 13) + 12 + 7?
1
(-7 + -1 - 5) + 13
0
Calculate 9 - (5 - (-19 + 25)).
10
Calculate -4 - (-6 + 6) - (8 + -5 + -3).
-4
What is -26 - (-15 + 2) - -26?
13
What is the value of 16 + (-4 - 0 - 2) + 3?
13
What is the value of 13 + (11 + -1 - 27 - -8)?
4
Evaluate (-3 - -4) + (-9 - -15) - (39 + -58).
26
Evaluate -57 + 77 - (10 + -6).
16
What is 8 + -1 + (-9 - -16) + -6?
8
Evaluate 0 + (-3 - -4) + 4 - 7 - -6.
4
Evaluate 7 + -2 + 0 - (-5 + -1).
11
Evaluate -14 + 4 - (-8 + -4).
2
15 + 1 + 124 + -143
-3
What is 0 - (2 + (-7 - -8) + -2 + -2)?
1
What is the value of -4 - (1 + 2 + -6) - 3?
-4
What is the value of (-24 - (0 - 11)) + 8 - (6 + 0)?
-11
Evaluate 29 + -5 + 4 - -9.
37
What is the value of 3 - (-19 + -12 + 18)?
16
Evaluate -2 + (16 - 6) + 5 + 0 + -3.
10
Evaluate 9 + 2 + -76 + 73.
8
What is -8 + (-12 + -7 + 15 - (-6 - 1))?
-5
-7 - (-9 + 15 - 10 - (5 - -24))
26
Calculate 7 + (-12 + 19 - 3).
11
What is -5 + (22 - -12) + -18?
11
Evaluate -30 + (4 - (2 + -20)).
-8
Calculate (-13 + 12 - -12) + -10 + (8 - 4).
5
What is the value of (-11 + 5 + 12 - 7) + 1 - -26?
26
(9 - (-7 - -8)) + (9 - 15) + -10
-8
Evaluate -3 + -1 - ((4 - 0) + 3 + 5).
-16
-204 - -203 - (-3 - 20) - (1 - 1)
22
Calculate 15 + -17 + (0 - -1 - 4).
-5
Calculate -7 - -1 - (1 + -13 + 14 - -6).
-14
-9 + (0 - -1) - (-7 + 6)
-7
(6 - -1) + (-133 - -98)
-28
Calculate -83 + 10 - -56 - (0 + -34).
17
Calculate -9 + (-17 - (-1 + -23)) + (0 - -7).
5
What is 29 - (14 - (2 + -4))?
13
Calculate 1 - -12 - (19 + 0 + -27).
21
What is 4 - (-88 + 87 - (-4 + 0))?
1
What is the value of -1 + (-4 + (16 - 8) - -4)?
7
Evaluate 3 - ((-1 + 3 - (-55 + 65)) + 4).
7
Evaluate (46 - 73) + (-1 - 3) + (5 - -1).
-25
What is the value of 3 + 12 + (4 - 11) - 35?
-27
Calculate (-26 - -18) + 30 + -36.
-14
What is the value of (7 + -15 - -1 - (-11 - -25)) + -6?
-27
Evaluate 5 + ((-7 - (3 + -13)) + -11 - -3).
0
What is 20 + 5 + -10 + (1 - -12) + -17?
11
Calculate 148 - 139 - (-1 - (-2 - 14)).
-6
What is the value of -3 - (11 + (-8 - 6) + -8)?
8
What is the value of -3 + 18 - (28 - 19)?
6
What is the value of (24 - 25 - 16) + 34?
17
Evaluate 13 + (-27 - 4) + 6 + -3.
-15
Calculate -7 - (16 + (-21 - 36)).
34
What is the value of (-46 - -28 - -10) + 6?
-2
What is -18 - (-2 + -1) - -4?
-11
4 + (2 - (-15 - -13)) - -13
21
Calculate (-2 - -6) + (10 + 2 - (33 + -27)).
10
(-3 - (6 + (6 + 1 - 4))) + -6
-18
What is 6 - ((4 - 2) + -4 - (-7 - 1))?
0
What is 8 + 16 + -68 + 40?
-4
Calculate 4 + (-2 - (21 - 8)).
-11
What is 6 - ((1 - -18) + -4 + (4 - -1))?
-1